{"id":19678,"date":"2019-12-06T10:12:19","date_gmt":"2019-12-06T09:12:19","guid":{"rendered":"https:\/\/www.lebeauchene.com\/les-plages-et-forets\/"},"modified":"2020-01-17T09:54:44","modified_gmt":"2020-01-17T08:54:44","slug":"beaches-and-forests","status":"publish","type":"page","link":"https:\/\/www.lebeauchene.com\/en\/beaches-and-forests\/","title":{"rendered":"Beaches and forests"},"content":{"rendered":"\n<p>The Flower camping Beauch\u00eane is ideally located 7 minutes from the beaches, Jard sur Mer and Longeville sur Mer. Enough to enjoy the joys of the sea with family or friends.<br>While the youngest are building a sandcastle, put your towel down and soak up the sun while listening to the lapping waves, all you need to enjoy and relax.<\/p>\n\n\n\n<p>The beaches that we recommend as close to our Beauch\u00eane campsite :<\/p>\n\n\n\n<div class=\"wp-block-columns is-layout-flex wp-container-core-columns-is-layout-9d6595d7 wp-block-columns-is-layout-flex\">\n<div class=\"wp-block-column is-layout-flow wp-block-column-is-layout-flow\">\n<p> <strong>Longeville sur mer&nbsp;:<\/strong><br>&#8211; <strong>Plage du Rocher<\/strong>&nbsp;: supervised from June to September, accessible for disabled, picnic area, possible activities: surfing, paddle, kitesurf and shore fishing<br>&#8211; <strong>Plage des Conches: <\/strong>supervised from June to September, picnic area, possible activities: surfing, paddle and kitesurf.<br>&#8211; <strong>Plage du Bouil&nbsp;<\/strong>: possible activities: windsurfing, kitesurfing, paddle and kayak.<\/p>\n<\/div>\n\n\n\n<div class=\"wp-block-column is-layout-flow wp-block-column-is-layout-flow\">\n<p><strong>Jard sur mer&nbsp;:<\/strong><br><strong>&#8211; Plage de Boisvinet&nbsp;:<\/strong> monitored from mid-June to mid-September, accessible to PRM.<\/p>\n\n\n\n<p><strong>Talmont Saint Hilaire&nbsp;:<\/strong><br><strong>&#8211; Plage du Veillon&nbsp;<\/strong>: supervised in July and August, accessible for disabled, restaurant \/ snack, picnic area, possible activities: surfing, paddle, kitesurf, canoe and fishing on foot.<\/p>\n<\/div>\n<\/div>\n\n\n\n<p>What could be better than a refreshing walk, in the shade of the pines in one of the coastal forests or inland. Take a deep breath and listen to the calm that surrounds you: the birdsong, the ocean or simply the wind passing between the branches of the trees.<\/p>\n\n\n\n<ul class=\"wp-block-list\"><li>For\u00eat de Longeville sur mer<\/li><li>For\u00eat de Jard sur Mer<\/li><li>For\u00eat de Poiroux<\/li><\/ul>\n\n\n<p><!--EndFragment--><\/p>\n<p><!--StartFragment--><\/p>\n\n\n\t\t\t<div id=\"sevgallery-1285752809\" class=\"sev-diaporama sev-diaporama-portfolio\">\n\t\t\t<div class=\"row\">\n\n\t\t\t\n\t\t\t\t\n\t\t\t\t<div class=\"sev-diaporama-portfolio-item col-12 col-sm  col-grow\">\n\t\t\t\t\t<a href=\"https:\/\/www.lebeauchene.com\/wp-content\/uploads\/2020\/01\/For\u00eat-Olonne-sur-Mer.jpg\" data-lightbox=\"sevgallery-1285752809\" style=\"background-image: url(https:\/\/www.lebeauchene.com\/wp-content\/uploads\/2020\/01\/For\u00eat-Olonne-sur-Mer.jpg)\">\n\t\t\t\t\t\t<img decoding=\"async\" src=\"https:\/\/www.lebeauchene.com\/wp-content\/uploads\/2020\/01\/For\u00eat-Olonne-sur-Mer.jpg\" alt=\"for\u00eat Olonne sur Mer\">\n\t\t\t\t\t<\/a>\n\t\t\t\t<\/div>\n\n\t\t\t\t\n\t\t\t\t\t\t\t\t\t\t\t\n\t\t\t\t\n\t\t\t\t<div class=\"sev-diaporama-portfolio-item col-12 col-sm \">\n\t\t\t\t\t<a href=\"https:\/\/www.lebeauchene.com\/wp-content\/uploads\/2020\/01\/Jard-sur-mer.jpg\" data-lightbox=\"sevgallery-1285752809\" style=\"background-image: url(https:\/\/www.lebeauchene.com\/wp-content\/uploads\/2020\/01\/Jard-sur-mer.jpg)\">\n\t\t\t\t\t\t<img decoding=\"async\" src=\"https:\/\/www.lebeauchene.com\/wp-content\/uploads\/2020\/01\/Jard-sur-mer.jpg\" alt=\"plage proche du camping\">\n\t\t\t\t\t<\/a>\n\t\t\t\t<\/div>\n\n\t\t\t\t\n\t\t\t\t\t\t\t\t\t\t\t\n\t\t\t\t\n\t\t\t\t<div class=\"sev-diaporama-portfolio-item col-12 col-sm \">\n\t\t\t\t\t<a href=\"https:\/\/www.lebeauchene.com\/wp-content\/uploads\/2020\/01\/Plage-la-Tranche-sur-Mer.jpg\" data-lightbox=\"sevgallery-1285752809\" style=\"background-image: url(https:\/\/www.lebeauchene.com\/wp-content\/uploads\/2020\/01\/Plage-la-Tranche-sur-Mer.jpg)\">\n\t\t\t\t\t\t<img decoding=\"async\" src=\"https:\/\/www.lebeauchene.com\/wp-content\/uploads\/2020\/01\/Plage-la-Tranche-sur-Mer.jpg\" alt=\"plage de la Tranche sur mer\">\n\t\t\t\t\t<\/a>\n\t\t\t\t<\/div>\n\n\t\t\t\t\n\t\t\t\t\t\t\t\t\t\t\t\n\t\t\t\t\n\t\t\t\t<div class=\"sev-diaporama-portfolio-item col-12 col-sm  col-grow\">\n\t\t\t\t\t<a href=\"https:\/\/www.lebeauchene.com\/wp-content\/uploads\/2020\/01\/Plage-Longeville-sur-Mer-1.jpg\" data-lightbox=\"sevgallery-1285752809\" style=\"background-image: url(https:\/\/www.lebeauchene.com\/wp-content\/uploads\/2020\/01\/Plage-Longeville-sur-Mer-1.jpg)\">\n\t\t\t\t\t\t<img decoding=\"async\" src=\"https:\/\/www.lebeauchene.com\/wp-content\/uploads\/2020\/01\/Plage-Longeville-sur-Mer-1.jpg\" alt=\"plage proche du camping\">\n\t\t\t\t\t<\/a>\n\t\t\t\t<\/div>\n\n\t\t\t\t\t\t\t\t\t<div class=\"w-100\"><\/div>\n\t\t\t\t\t\t\t\t\t\n\t\t\t\t\t\t\t\t\t\t\t\n\t\t\t\t\n\t\t\t\t<div class=\"sev-diaporama-portfolio-item col-12 col-sm \">\n\t\t\t\t\t<a href=\"https:\/\/www.lebeauchene.com\/wp-content\/uploads\/2020\/01\/Plage-Longeville-sur-Mer-2.jpg\" data-lightbox=\"sevgallery-1285752809\" style=\"background-image: url(https:\/\/www.lebeauchene.com\/wp-content\/uploads\/2020\/01\/Plage-Longeville-sur-Mer-2.jpg)\">\n\t\t\t\t\t\t<img decoding=\"async\" src=\"https:\/\/www.lebeauchene.com\/wp-content\/uploads\/2020\/01\/Plage-Longeville-sur-Mer-2.jpg\" alt=\"camping en bord de mer\">\n\t\t\t\t\t<\/a>\n\t\t\t\t<\/div>\n\n\t\t\t\t\n\t\t\t\t\t\t\t\t\t\t\t\n\t\t\t\t\n\t\t\t\t<div class=\"sev-diaporama-portfolio-item col-12 col-sm  col-shrink\">\n\t\t\t\t\t<a href=\"https:\/\/www.lebeauchene.com\/wp-content\/uploads\/2020\/01\/Plage-Saint-Vincent-sur-Jard-1.jpg\" data-lightbox=\"sevgallery-1285752809\" style=\"background-image: url(https:\/\/www.lebeauchene.com\/wp-content\/uploads\/2020\/01\/Plage-Saint-Vincent-sur-Jard-1.jpg)\">\n\t\t\t\t\t\t<img decoding=\"async\" src=\"https:\/\/www.lebeauchene.com\/wp-content\/uploads\/2020\/01\/Plage-Saint-Vincent-sur-Jard-1.jpg\" alt=\"camping proche des plages\">\n\t\t\t\t\t<\/a>\n\t\t\t\t<\/div>\n\n\t\t\t\t\n\t\t\t\t\t\t\t\t\t\t\t\n\t\t\t\t\n\t\t\t\t<div class=\"sev-diaporama-portfolio-item col-12 col-sm \">\n\t\t\t\t\t<a href=\"https:\/\/www.lebeauchene.com\/wp-content\/uploads\/2020\/01\/Plage-St-Vincent-sur-Jard-2.jpg\" data-lightbox=\"sevgallery-1285752809\" style=\"background-image: url(https:\/\/www.lebeauchene.com\/wp-content\/uploads\/2020\/01\/Plage-St-Vincent-sur-Jard-2.jpg)\">\n\t\t\t\t\t\t<img decoding=\"async\" src=\"https:\/\/www.lebeauchene.com\/wp-content\/uploads\/2020\/01\/Plage-St-Vincent-sur-Jard-2.jpg\" alt=\"camping proche plage de sable fin\">\n\t\t\t\t\t<\/a>\n\t\t\t\t<\/div>\n\n\t\t\t\t\n\t\t\t\t\t\t\t\t\t\t\t\t\t\t<\/div>\n\t\t\t<\/div>\n\n\t\t\t<script>\n\t\t\tjQuery(function($) {\n\n\t\t\t\tvar marginPortfolio = function() {\n\n\t\t\t\t\tvar $diapo          = $('#sevgallery-1285752809');\n\t\t\t\t\tvar container_width = $diapo.parent().outerWidth();\n\t\t\t\t\tvar side            = ( $(window).innerWidth() - container_width ) \/ 2;\n\n\t\t\t\t\t$diapo.css( {\n\t\t\t\t\t\t'margin-left': '-' + side + 'px',\n\t\t\t\t\t\t'margin-right': '-' + side + 'px',\n\t\t\t\t\t} );\n\t\t\t\t}\n\n\t\t\t\t$( window ).resize( function() {\n\t\t\t\t\tmarginPortfolio();\n\t\t\t\t} );\n\t\t\t\tmarginPortfolio();\n\t\t\t});\n\t\t\t<\/script>\n\t\t\t\n","protected":false},"excerpt":{"rendered":"<p>The Flower camping Beauch\u00eane is ideally located 7 minutes from the beaches, Jard sur Mer and Longeville sur Mer. Enough to enjoy the joys of the sea with family or friends.While the youngest are building a sandcastle, put your towel down and soak up the sun while listening to the lapping waves, all you need [&hellip;]<\/p>\n","protected":false},"author":1,"featured_media":0,"parent":0,"menu_order":0,"comment_status":"closed","ping_status":"closed","template":"","meta":{"_seopress_robots_primary_cat":"","_seopress_titles_title":"Camping 3 \u00e9toiles situ\u00e9 pr\u00e8s des plages et for\u00eats en vend\u00e9e","_seopress_titles_desc":"Le camping Beauch\u00eane est id\u00e9alement situ\u00e9 \u00e0 7 minutes des plages, de Jard sur Mer et Longeville sur Mer. De quoi profiter des joies de la mer en famille ou entre amis.","_seopress_robots_index":"","footnotes":""},"class_list":["post-19678","page","type-page","status-publish","hentry"],"_links":{"self":[{"href":"https:\/\/www.lebeauchene.com\/en\/wp-json\/wp\/v2\/pages\/19678","targetHints":{"allow":["GET"]}}],"collection":[{"href":"https:\/\/www.lebeauchene.com\/en\/wp-json\/wp\/v2\/pages"}],"about":[{"href":"https:\/\/www.lebeauchene.com\/en\/wp-json\/wp\/v2\/types\/page"}],"author":[{"embeddable":true,"href":"https:\/\/www.lebeauchene.com\/en\/wp-json\/wp\/v2\/users\/1"}],"replies":[{"embeddable":true,"href":"https:\/\/www.lebeauchene.com\/en\/wp-json\/wp\/v2\/comments?post=19678"}],"version-history":[{"count":2,"href":"https:\/\/www.lebeauchene.com\/en\/wp-json\/wp\/v2\/pages\/19678\/revisions"}],"predecessor-version":[{"id":19683,"href":"https:\/\/www.lebeauchene.com\/en\/wp-json\/wp\/v2\/pages\/19678\/revisions\/19683"}],"wp:attachment":[{"href":"https:\/\/www.lebeauchene.com\/en\/wp-json\/wp\/v2\/media?parent=19678"}],"curies":[{"name":"wp","href":"https:\/\/api.w.org\/{rel}","templated":true}]}}

<p>The Flower camping Beauchêne is ideally located 7 minutes from the beaches, Jard sur Mer and Longeville sur Mer. Enough to enjoy the joys of the sea with family or friends.<br>While the youngest are building a sandcastle, put your towel down and soak up the sun while listening to the lapping waves, all you need to enjoy and relax.</p>



<p>The beaches that we recommend as close to our Beauchêne campsite :</p>



<div class="wp-block-columns is-layout-flex wp-container-core-columns-is-layout-9d6595d7 wp-block-columns-is-layout-flex">
<div class="wp-block-column is-layout-flow wp-block-column-is-layout-flow">
<p> <strong>Longeville sur mer&nbsp;:</strong><br>&#8211; <strong>Plage du Rocher</strong>&nbsp;: supervised from June to September, accessible for disabled, picnic area, possible activities: surfing, paddle, kitesurf and shore fishing<br>&#8211; <strong>Plage des Conches: </strong>supervised from June to September, picnic area, possible activities: surfing, paddle and kitesurf.<br>&#8211; <strong>Plage du Bouil&nbsp;</strong>: possible activities: windsurfing, kitesurfing, paddle and kayak.</p>
</div>



<div class="wp-block-column is-layout-flow wp-block-column-is-layout-flow">
<p><strong>Jard sur mer&nbsp;:</strong><br><strong>&#8211; Plage de Boisvinet&nbsp;:</strong> monitored from mid-June to mid-September, accessible to PRM.</p>



<p><strong>Talmont Saint Hilaire&nbsp;:</strong><br><strong>&#8211; Plage du Veillon&nbsp;</strong>: supervised in July and August, accessible for disabled, restaurant / snack, picnic area, possible activities: surfing, paddle, kitesurf, canoe and fishing on foot.</p>
</div>
</div>



<p>What could be better than a refreshing walk, in the shade of the pines in one of the coastal forests or inland. Take a deep breath and listen to the calm that surrounds you: the birdsong, the ocean or simply the wind passing between the branches of the trees.</p>



<ul class="wp-block-list"><li>Forêt de Longeville sur mer</li><li>Forêt de Jard sur Mer</li><li>Forêt de Poiroux</li></ul>


<p><!--EndFragment--></p>
<p><!--StartFragment--></p>


			<div id="sevgallery-1285752809" class="sev-diaporama sev-diaporama-portfolio">
			<div class="row">

			
				
				<div class="sev-diaporama-portfolio-item col-12 col-sm  col-grow">
					<a href="https://www.lebeauchene.com/wp-content/uploads/2020/01/Forêt-Olonne-sur-Mer.jpg" data-lightbox="sevgallery-1285752809" style="background-image: url(https://www.lebeauchene.com/wp-content/uploads/2020/01/Forêt-Olonne-sur-Mer.jpg)">
						<img decoding="async" src="https://www.lebeauchene.com/wp-content/uploads/2020/01/Forêt-Olonne-sur-Mer.jpg" alt="forêt Olonne sur Mer">
					</a>
				</div>

				
											
				
				<div class="sev-diaporama-portfolio-item col-12 col-sm ">
					<a href="https://www.lebeauchene.com/wp-content/uploads/2020/01/Jard-sur-mer.jpg" data-lightbox="sevgallery-1285752809" style="background-image: url(https://www.lebeauchene.com/wp-content/uploads/2020/01/Jard-sur-mer.jpg)">
						<img decoding="async" src="https://www.lebeauchene.com/wp-content/uploads/2020/01/Jard-sur-mer.jpg" alt="plage proche du camping">
					</a>
				</div>

				
											
				
				<div class="sev-diaporama-portfolio-item col-12 col-sm ">
					<a href="https://www.lebeauchene.com/wp-content/uploads/2020/01/Plage-la-Tranche-sur-Mer.jpg" data-lightbox="sevgallery-1285752809" style="background-image: url(https://www.lebeauchene.com/wp-content/uploads/2020/01/Plage-la-Tranche-sur-Mer.jpg)">
						<img decoding="async" src="https://www.lebeauchene.com/wp-content/uploads/2020/01/Plage-la-Tranche-sur-Mer.jpg" alt="plage de la Tranche sur mer">
					</a>
				</div>

				
											
				
				<div class="sev-diaporama-portfolio-item col-12 col-sm  col-grow">
					<a href="https://www.lebeauchene.com/wp-content/uploads/2020/01/Plage-Longeville-sur-Mer-1.jpg" data-lightbox="sevgallery-1285752809" style="background-image: url(https://www.lebeauchene.com/wp-content/uploads/2020/01/Plage-Longeville-sur-Mer-1.jpg)">
						<img decoding="async" src="https://www.lebeauchene.com/wp-content/uploads/2020/01/Plage-Longeville-sur-Mer-1.jpg" alt="plage proche du camping">
					</a>
				</div>

									<div class="w-100"></div>
									
											
				
				<div class="sev-diaporama-portfolio-item col-12 col-sm ">
					<a href="https://www.lebeauchene.com/wp-content/uploads/2020/01/Plage-Longeville-sur-Mer-2.jpg" data-lightbox="sevgallery-1285752809" style="background-image: url(https://www.lebeauchene.com/wp-content/uploads/2020/01/Plage-Longeville-sur-Mer-2.jpg)">
						<img decoding="async" src="https://www.lebeauchene.com/wp-content/uploads/2020/01/Plage-Longeville-sur-Mer-2.jpg" alt="camping en bord de mer">
					</a>
				</div>

				
											
				
				<div class="sev-diaporama-portfolio-item col-12 col-sm  col-shrink">
					<a href="https://www.lebeauchene.com/wp-content/uploads/2020/01/Plage-Saint-Vincent-sur-Jard-1.jpg" data-lightbox="sevgallery-1285752809" style="background-image: url(https://www.lebeauchene.com/wp-content/uploads/2020/01/Plage-Saint-Vincent-sur-Jard-1.jpg)">
						<img decoding="async" src="https://www.lebeauchene.com/wp-content/uploads/2020/01/Plage-Saint-Vincent-sur-Jard-1.jpg" alt="camping proche des plages">
					</a>
				</div>

				
											
				
				<div class="sev-diaporama-portfolio-item col-12 col-sm ">
					<a href="https://www.lebeauchene.com/wp-content/uploads/2020/01/Plage-St-Vincent-sur-Jard-2.jpg" data-lightbox="sevgallery-1285752809" style="background-image: url(https://www.lebeauchene.com/wp-content/uploads/2020/01/Plage-St-Vincent-sur-Jard-2.jpg)">
						<img decoding="async" src="https://www.lebeauchene.com/wp-content/uploads/2020/01/Plage-St-Vincent-sur-Jard-2.jpg" alt="camping proche plage de sable fin">
					</a>
				</div>

				
														</div>
			</div>

			<script>
			jQuery(function($) {

				var marginPortfolio = function() {

					var $diapo          = $('#sevgallery-1285752809');
					var container_width = $diapo.parent().outerWidth();
					var side            = ( $(window).innerWidth() - container_width ) / 2;

					$diapo.css( {
						'margin-left': '-' + side + 'px',
						'margin-right': '-' + side + 'px',
					} );
				}

				$( window ).resize( function() {
					marginPortfolio();
				} );
				marginPortfolio();
			});
			</script>

<p>The Flower camping Beauchêne is ideally located 7 minutes from the beaches, Jard sur Mer and Longeville sur Mer. Enough to enjoy the joys of the sea with family or friends.While the youngest are building a sandcastle, put your towel down and soak up the sun while listening to the lapping waves, all you need [&hellip;]</p>

Camping 3 étoiles situé près des plages et forêts en vendée

Le camping Beauchêne est idéalement situé à 7 minutes des plages, de Jard sur Mer et Longeville sur Mer. De quoi profiter des joies de la mer en famille ou entre amis.
